igit of (-8)/(-26) - 7354240/(-2080)?
3
Let r(a) be the third derivative of -14*a**4/3 - 17*a**3/6 - 18*a**2 + 1. What is the hundreds digit of r(-4)?
4
Let p(v) = v**2 + 114. Let l be p(0). Let x = l - 58. Suppose -8*o + 8 = -x. What is the units digit of o?
8
What is the thousands digit of 504/196*(-52962)/(-9)?
5
Suppose 0 = -194*z + 50*z + 52*z + 7002672. What is the ten thousands digit of z?
7
Let n = -106 - -213. Suppose -d + 340 = -n. What is the tens digit of d?
4
Let n(h) = -4*h**2 + 3*h + 5. Let a be n(-2). Let b(d) = d**3 + 16*d**2 - 3*d + 11. Let t be b(a). Let w = -145 - t. What is the units digit of w?
2
Suppose 0 = -5*f - f - 18. Let t be (24/(-16))/(f/4). What is the tens digit of -1 - (1/t)/(9/(-1314))?
7
Suppose -154*a - a + 3130593 = 220158. What is the ten thousands digit of a?
1
Suppose -32*x + 210 = -29*x. Let q = 101 - x. What is the units digit of q?
1
Let b(z) = -18 - 54*z**3 - 50*z**3 - 17*z**2 + 37*z + 103*z**3. What is the units digit of b(-20)?
2
Let j(p) = 1520*p - 80. What is the thousands digit of j(10)?
5
Suppose -n + 17*i + 88170 = 21*i, -i + 440945 = 5*n. What is the hundreds digit of n?
1
Let g(j) = -21*j**3 - 5*j**2 + 6*j - 8. Let u(z) = 42*z**3 + 11*z**2 - 12*z + 17. Let i(w) = -9*g(w) - 4*u(w). What is the tens digit of i(3)?
6
What is the units digit of -1170*170*5/(-20)?
5
Let q be -1 - -9 - (-2 - 124). Let w(k) = -68*k**2 + 2*k + 1. Let o be w(-1). Let g = o + q. What is the units digit of g?
5
Suppose 4*s - 2*s = -3*p - 333, 4*p = -s - 444. Let x = p - -497. What is the tens digit of x?
8
Suppose 2*v = 5*w + 5, 0*v = 4*v + 5*w - 25. Let d be v/(-20) - (-1 - (-135)/(-12)). Suppose 50 = h + 3*y - d, 0 = -3*y - 3. What is the units digit of h?
5
Let b = 257 - 268. What is the tens digit of (193 - -1)/(b/(198/(-12)))?
9
Suppose -485 = 4*a - 4217. Suppose 0*h + b = -3*h + 701, -4*h - b = -a. Suppose -11*y + 978 = -h. What is the hundreds digit of y?
1
Let c = -79 - -150. Let h = -68 + c. Suppose h*t + 144 + 149 = 2*l, 0 = 2*l - 2*t - 288. What is the units digit of l?
9
Suppose -7044 = 4*n - 8*n. Suppose -n = -4*g - 3*x, g - 6*g + 2*x = -2207. What is the units digit of g?
1
Let l(h) = h**3 + 2*h**2 - 5*h - 2. Let u be l(-3). Suppose -2*t - 22 = -4*b, 26*t = -5*b + 27*t + 20. What is the units digit of (2028/16 - b/u)*1?
6
Suppose 0 = -54*l + 32*l - 48845 + 755837. What is the hundreds digit of l?
1
Let u = 66 - 88. Let z(j) = -j**3 - 23*j**2 - 23*j + 46. What is the units digit of z(u)?
8
Let q(k) = -3*k + 6*k**2 - k**3 + 4*k + 6*k + 1 - 2*k. Let a = -498 + 503. What is the tens digit of q(a)?
5
Suppose -2*u + 3*k = -3*u + 11, -u - 1 = -3*k. Suppose -4*a + l + 429 = 0, 0*a - u*a = 5*l - 530. What is the units digit of a?
7
Let r be ((-7226)/(-1))/(2/3). What is the hundreds digit of r/7 + 48/84?
5
What is the ten thousands digit of (1 - 4)/((-828498)/207120 + 6 + -2)?
3
What is the tens digit of 6725/15*2667/35?
6
Let b be ((-26)/(-4))/(30/600). Suppose 134*g - 416 = b*g. What is the units digit of g?
4
What is the thousands digit of (5 + 3549/(-42))*(-76)/3?
2
Suppose 0 = -16*x + 201857 + 152417 + 72414. What is the units digit of x?
8
Let d(j) = -893*j + 4706. What is the tens digit of d(-38)?
4
Suppose 288*u - 570*u - 133224 = -284*u. What is the thousands digit of u?
6
Let a be (-228)/(-14) - (-80)/(-280). What is the tens digit of ((-453)/(-4))/(-4 - (-68)/a)?
5
Let z = -63 + 65. Suppose 4*m + w = 131 + 2136, z*m = 3*w + 1151. What is the hundreds digit of m?
5
Let l(c) = 10*c**3 - 2*c**2 - 2*c - 105. What is the thousands digit of l(6)?
1
What is the tens digit of 382/(-2865) + 1660596/45?
0
Suppose 3*u - x = 3*x - 316, -326 = 3*u - 2*x. What is the tens digit of (-36)/9 + (3 - u)?
1
Suppose -7 = 6*q - 43. Suppose 2*y - q*y = -12, 5*t - 28 = -y. Suppose -t*c = -181 - 119. What is the units digit of c?
0
Let k(z) = 30*z**3 - 12*z**2 + 25*z - 9. What is the hundreds digit of k(6)?
1
Suppose -2*p - 12 = -3*w - 2*w, -2*w - 2*p = -2. Let v be 112/42*(-393)/(-2) + w. Suppose -14*h + 2176 = -v. What is the hundreds digit of h?
1
Let y = 19216 + -5949. What is the tens digit of y?
6
What is the ten thousands digit of -15*55505/(-34)*(5 - 3)?
4
Suppose -584*k + 579*k - 2*n + 266693 = 0, 0 = -4*k + 5*n + 213295. What is the thousands digit of k?
3
Let b(d) = 3*d**3 + 33*d**2 - 46*d + 63. Let g(f) = -4*f**3 - 50*f**2 + 69*f - 95. Let s(a) = 7*b(a) + 5*g(a). What is the units digit of s(19)?
3
Let w = -418 + 593. Let h = w + -109. Let r = h + -46. What is the tens digit of r?
2
Let u(w) = -w + 5. Let k be u(5). Let d = 6 - k. Let s(a) = a**3 - 6*a**2 + 4*a + 6. What is the units digit of s(d)?
0
Let t(h) = -h**3 - 61*h**2 + 105*h - 204. What is the ten thousands digit of t(-76)?
7
Let o = 110 + -111. Let d(i) = -317*i**2 + 7*i + 3. Let v(r) = 106*r**2 - 2*r - 1. Let t(u) = 2*d(u) + 7*v(u). What is the units digit of t(o)?
7
Let l(c) be the first derivative of -c**3/3 - c**2/2 + 25*c + 1. Let n be l(0). Let u = 47 - n. What is the tens digit of u?
2
What is the ten thousands digit of 10 - -10*14/105*12006?
1
Let b be ((-246)/(-24)*5)/(1/12). Suppose 3*m + 186 - b = 0. Let p = 275 - m. What is the units digit of p?
2
Suppose 0 = 5*k + 3*c - 13, 0 = k - 0*c + c - 3. Suppose 4*m = 3*m + k*h + 153, -4*m - 2*h + 602 = 0. Let u = -63 + m. What is the units digit of u?
8
Let k(t) = 9*t**3 + 3*t**2 - 6*t + 2. Let n = 55 - 53. Let f be k(n). Let x = f + 186. What is the hundreds digit of x?
2
Let g(c) = -62*c + 17 - 64*c - 3*c**3 - 60*c - 5*c**2 + 196*c + c**2. What is the hundreds digit of g(-5)?
2
Suppose -m - m = p - 374, m - 194 = -4*p. Suppose -9*x - 6 = -m. What is the units digit of ((x/6)/5)/(10/225)?
5
Let b be 24/44 + (-18)/33. Let l = 347 - b. What is the tens digit of l?
4
What is the units digit of 4*(-6)/108 - (1 - (-7125844)/(-99))?
7
Let s = -8 - -10. Suppose 0*f + 3*f - w - 2890 = 0, 2900 = 3*f + 4*w. Suppose 5*h - f = -n, 5*h - 315 = s*n + 637. What is the units digit of h?
2
Let x(u) = -u + 3. Let l be x(0). Let b be (3 + -9 + 3)*l/(-3). What is the tens digit of b/(9/159) + 0?
5
Suppose 34*w - 31*w - 2164 = 4*i, 2159 = 3*w + i. Let l = 1217 - w. What is the hundreds digit of l?
4
Let p(s) = 6*s**2 - 14*s + 24. Let n be p(2). Let k be (-372)/18*6/(-4). Let y = k + n. What is the tens digit of y?
5
Let q(z) = 5101*z - 137. What is the tens digit of q(2)?
6
Suppose 4*j + 66*j - 742518 = 7*j. What is the tens digit of j?
8
Let g(c) = 29*c**3 - 13*c**2 + 45*c - 2. What is the thousands digit of g(7)?
9
Suppose -3*u - 146 = -161. Suppose -2*z + 803 = -u*r, 0*z - 2*r = 4*z - 1594. What is the hundreds digit of z?
3
Let w(q) = -42*q**3 - 5*q**2 - 53*q - 43. What is the units digit of w(-5)?
7
Let o = -76 - -69. Let s be 27 - (9/o + 2/7). Let m = s + -4. What is the tens digit of m?
2
Suppose 0 = 2*r - 14*h + 18*h - 2750, 4*h = -12. What is the tens digit of r?
8
Let i = -38 - -40. Suppose 5*s - 317 = -4*o, -4*s - i*o = -2*s - 128. Let p = s - 57. What is the units digit of p?
4
Let u be (-9)/(-6) + 18/(-12). Suppose 0*d + 2*d - 5*i - 603 = u, -i = -3. What is the hundreds digit of d?
3
Suppose 0 = -122*n + 43*n + 60*n + 210957. What is the thousands digit of n?
1
Let k = 1462 + 10312. What is the tens digit of k?
7
Let f(t) = -1421*t - 1294. What is the units digit of f(-2)?
8
Suppose 4*z - 57386 = -3*f + 44893, 3*z - 27 = 0. What is the ten thousands digit of f?
3
Suppose 2*h = -4*n - 14, -7*n + h - 29 = -3*n. What is the units digit of n/(-11) + 3745/11?
1
Let m(f) = 129*f - 108. Suppose -c - 9 = -4*p, -3 = -3*p - p + 3*c. What is the hundreds digit of m(p)?
2
Let k(g) = 368*g + 2721. What is the units digit of k(-3)?
7
Let p = 612 - 174. Suppose 0 = -z + 3*u + 158, -3*z = 3*u - p. What is the units digit of z?
9
Let q(v) = 5*v + 8. Let r = -131 - -157. What is the hundreds digit of q(r)?
1
Let q be (-124)/(-4)*-1*-51. Suppose 2*v + 2*d = 592, -3*d + q = 4*v + 399. Suppose 2*c = 5*c - v. What is the units digit of c?
8
Let w be 21/(3 - 10) + 6*1. Suppose y + w = 3*c, 2*c - 5*y = 4*c - 19. Suppose c*o = 4*o + f - 154, -220 = -3*o + 4*f. What is the units digit of o?
6
Let l(y) = 221*y - 117. Let w(m) = m**3 - 25*m**2 - 26*m + 5. Let z be w(26). What is the tens digit of l(z)?
8
Suppose 0 = -5*x + 10, 2*